2*a**3 - 188*a**2 + 1413*a - 319. Calculate y(-101).
-218
Let y(j) = -559*j + 193443. What is y(346)?
29
Let w(v) = v**3 + 7*v**2 - 1394*v - 4. Calculate w(34).
-4
Let r(l) = l**3 - 8*l**2 - 114*l + 180. What is r(16)?
404
Let u(t) = 8*t**3 - 331*t**2 + 2738*t - 46. Give u(30).
194
Let u(h) = -56*h**2 + 18261*h - 1623. Calculate u(326).
7
Let d(w) = w**3 - 95*w**2 - 839*w + 1552. Determine d(103).
7
Let w(q) = -75*q**2 - 18585*q - 37162. Calculate w(-2).
-292
Let r(d) = 111589*d - 1339080. Determine r(12).
-12
Let d(z) = -22437*z + 22519. What is d(1)?
82
Let u(f) = f**3 + 18*f**2 - 1216*f - 49. What is u(-45)?
-4
Let j(y) = 7837*y - 3025085. Give j(386).
-3
Let w(p) = -p**2 + 115*p + 9654. Give w(-56).
78
Let s(p) = 13*p**2 + 340*p + 2348. What is s(-13)?
125
Let k(y) = -3091*y + 8497. What is k(3)?
-776
Let v(x) = 2*x**3 - 323*x**2 + 4575*x + 1292. What is v(16)?
-4
Let s(b) = -14485*b - 159887. Give s(-11).
-552
Let j(y) = -27*y - 4652. Calculate j(-34).
-3734
Let v(y) = 68*y**3 - 204*y**2 + 9*y + 17. Calculate v(3).
44
Let s(r) = -3*r**2 + 48*r + 7260. Determine s(-42).
-48
Let u(y) = 2*y**2 - 104746*y - 32345520. Give u(-307).
0
Let z(b) = b**3 + 13*b**2 - 61*b - 945. Give z(-12).
-69
Let g(z) = -5*z**2 + 138*z + 367. What is g(30)?
7
Let u(s) = -s**3 - 192*s**2 - 1248*s + 5711. Determine u(-10).
-9
Let t(a) = -a**2 + 358*a + 50915. Calculate t(-109).
12
Let b(t) = t**3 + 316*t**2 - 2968*t + 95166. Determine b(-326).
-26
Let s(n) = -8*n**3 - 190*n**2 + 87*n + 913. Determine s(-24).
-23
Let z(u) = -u**2 + 360*u - 4501. Determine z(13).
10
Let r(d) = 5057*d + 586883. Determine r(-116).
271
Let y(v) = 6715*v - 127081. Give y(19).
504
Let k(a) = -228*a**2 - 12323*a + 11930. Determine k(-55).
-5
Let r(q) = 5*q**2 + 665*q - 10. What is r(0)?
-10
Let u(y) = 38*y**3 - 4*y**2 - 610*y + 2436. Determine u(4).
2364
Let j(a) = -a**3 + 9*a**2 + 953*a - 4870. Determine j(5).
-5
Let u(b) = 1028*b - 14408. Calculate u(15).
1012
Let y(d) = -d**3 - 5*d**2 + 785*d + 3930. Give y(-5).
5
Let i(s) = -11*s**2 + 56*s - 114. What is i(2)?
-46
Let a(r) = 25*r**3 + 15*r**2 + 70*r + 249. Give a(-4).
-1391
Let r(d) = -2*d**3 - 12*d**2 + 4705*d + 41862. Determine r(-9).
3
Let h(g) = g**3 - 13*g**2 - 713*g - 459. Calculate h(34).
-425
Let j(y) = -y**3 - 366*y**2 - 1258*y - 325939. Determine j(-365).
6
Let i(q) = -1042*q - 60411. Determine i(-58).
25
Let n(g) = 976*g - 9718. Calculate n(10).
42
Let g(p) = -116*p**2 + 825*p + 18. Give g(7).
109
Let w(t) = t**2 + 243*t + 5492. What is w(-22)?
630
Let z(c) = -3*c**2 + 2321*c + 245641. Calculate z(868).
-3
Let g(d) = d**3 + 1577*d**2 + 119762*d + 156. Determine g(-80).
-4
Let u(l) = 3327*l + 3935839. What is u(-1183)?
-2
Let b(q) = q**3 - 41*q**2 - 62*q - 85. What is b(42)?
-925
Let h(x) = 53*x**2 - 2490*x - 38. Determine h(0).
-38
Let q(a) = -117266*a - 1055399. Calculate q(-9).
-5
Let z(b) = 646*b + 11678. Determine z(-18).
50
Let u(z) = -943756*z - 1887512. Give u(-2).
0
Let j(p) = -35*p**2 - 17532*p - 70127. Give j(-4).
-559
Let s(n) = -15*n**2 + 125*n - 293. Determine s(0).
-293
Let s(y) = 610*y + 49619. Calculate s(-81).
209
Let y(h) = -h**3 - 14*h**2 + 53*h - 236. Calculate y(-19).
562
Let m(j) = -2*j**2 + 995*j - 109547. What is m(165)?
178
Let h(c) = 7*c**3 - 96*c**2 + 205*c + 28. What is h(7)?
-840
Let o(c) = -3032*c - 594579. Calculate o(-196).
-307
Let c(d) = 1030160*d - 2060328. Give c(2).
-8
Let n(w) = -7*w**2 - 118*w - 381. What is n(-7)?
102
Let h(f) = -12961*f - 36700. Determine h(-3).
2183
Let h(q) = -579*q + 8976. Calculate h(16).
-288
Let n(b) = b**3 - 175*b**2 + 1178*b - 353. Determine n(168).
-17
Let m(s) = 18*s**2 - 1277*s + 2435. Determine m(69).
20
Let h(z) = 9605*z - 1075797. Determine h(112).
-37
Let n(r) = -184*r**2 - 7923*r - 35359. What is n(-38)?
19
Let v(k) = -3*k**3 - 127*k**2 + 212*k - 150. Calculate v(-44).
202
Let v(r) = -r**3 - 139*r**2 + 3780*r + 8741. Give v(-162).
-7
Let s(m) = 3*m**2 + 228*m + 2390. Give s(-64).
86
Let x(o) = -2*o**2 - 29*o + 489. What is x(13)?
-226
Let a(t) = -31390*t + 94156. Calculate a(3).
-14
Let b(p) = -p**2 + 92*p + 798. Calculate b(-9).
-111
Let a(m) = -m**2 + 1773*m - 514961. Give a(366).
1
Let u(r) = -r**2 - 466*r - 22962. Determine u(-410).
-2
Let w(t) = 214485*t + 1715879. What is w(-8)?
-1
Let w(c) = -7*c**2 + 71*c + 26. What is w(11)?
-40
Let s(y) = -2*y**3 + 382*y**2 - 377*y - 565. Calculate s(190).
5
Let r(k) = -k**3 - 390*k**2 - 8442*k - 382. Give r(-367).
-15
Let m(w) = -w**2 + 153*w - 5212. Determine m(42).
-550
Let d(w) = -1389*w + 751487. What is d(541)?
38
Let c(a) = 222*a - 41989. What is c(189)?
-31
Let y(u) = -4*u**2 - 1414*u + 36314. Give y(24).
74
Let p(l) = -272362*l + 1906530. What is p(7)?
-4
Let q(j) = 2025*j - 85042. What is q(42)?
8
Let r(w) = -w**3 - 22*w**2 + 51*w + 64. What is r(-23)?
-580
Let l(x) = -633*x + 6115. Give l(5).
2950
Let c(z) = -8705*z - 10593988. Determine c(-1217).
-3
Let v(t) = -104*t**2 + 12792*t - 5. Calculate v(123).
-5
Let a(x) = x**3 - 71*x**2 + 140*x - 23. What is a(69)?
115
Let a(s) = -28*s**2 - 1879*s - 2031. What is a(-66)?
15
Let j(x) = 2*x**2 - 20389*x - 61205. Determine j(-3).
-20
Let r(q) = -q**3 - 35*q**2 - 237*q + 346. What is r(-26)?
424
Let l(s) = -2*s**3 + 195*s**2 - 925*s + 13. Calculate l(5).
13
Let h(n) = -n**3 - 16*n**2 + 131*n + 79. What is h(7)?
-131
Let y(h) = 104*h - 5357. Give y(52).
51
Let t(n) = 30*n**2 + 1665*n - 5278. What is t(3)?
-13
Let d(x) = 12*x**2 + 423*x - 28244. Give d(34).
10
Let w(f) = 2*f**3 + 113*f**2 + 380*f - 227. Calculate w(-53).
-704
Let z(d) = d**2 + 2840*d + 673115. Give z(-261).
-4
Let l(s) = s**3 - 396*s**2 + 26882*s + 85. Calculate l(87).
-2
Let s(w) = 10*w**2 + 519*w + 4794. Calculate s(-12).
6
Let c(w) = w**3 - 36*w**2 + 40*w + 1831. What is c(33)?
-116
Let m(v) = -30381*v - 121528. Determine m(-4).
-4
Let u(l) = l**3 + 13*l**2 - 53*l - 846. Determine u(-9).
-45
Let o(w) = 4*w**2 - 542*w - 13168. Give o(-21).
-22
Let o(w) = 94*w - 2869. Give o(25).
-519
Let d(b) = -6327*b - 1505829. Calculate d(-238).
-3
Let w(z) = -12*z**3 - 60*z**2 - 28*z - 27. Calculate w(-5).
113
Let w(j) = j**2 + 105692*j - 2854419. Calculate w(27).
-6
Let r(q) = 194*q - 594. Give r(5).
376
Let n(b) = 95*b + 958. Give n(-11).
-87
Let o(x) = 5439*x + 65038. Give o(-12).
-230
Let t(m) = 662*m - 62597. Determine t(93).
-1031
Let y(t) = -4*t**2 + 3019*t + 69160. Determine y(777).
7
Let w(f) = -2*f**3 + 254*f**2 + 521*f + 115. Give w(129).
760
Let x(u) = -16*u**2 + 2711*u + 16352. What is x(-6)?
-490
Let u(j) = 2*j**2 - 22525*j - 2685798. What is u(-118)?
0
Let g(l) = -13*l**2 + 295*l - 1156. Give g(5).
-6
Let r(k) = -23*k**2 + 18*k + 227. Give r(-7).
-1026
Let b(c) = -363*c - 38780. Give b(-107).
61
Let o(i) = -43033*i + 2668050. Determine o(62).
4
Let c(o) = -208*o**3 - 2*o**2 + 199*o - 197. What is c(1)?
-208
Let o(b) = -b**3 - 162*b**2 + 1893*b + 161. Give o(11).
51
Let j(s) = -3611*s - 187778. What is j(-52)?
-6
Let t(u) = -u**3 - 13*u**2 + 462*u - 30. Determine t(-29).
28
Let c(d) = 20*d**2 - 1534*d + 27116. Calculate c(49).
-30
Let g(h) = -46*h**2 + 324*h - 422. Determine g(2).
42
Let u(k) = 10117*k - 1234280. Calculate u(122).
-6
Let u(k) = -1832*k - 183200. Determine u(-100).
0
Let k(j) = -2*j**2 - 410*j - 10139. What is k(-176)?
69
Let z(s) = 181970*s - 910041. What is z(5)?
-191
Let y(b) = -511*b + 103165. Calculate y(198).
1987
Let r(k) = 19436*k + 641385. Calculate r(-33).
-3
Let v(z) = 13637*z - 95513. Determine v(7).
-54
Let c(w) = 4*w**2 - 38598*w + 115783. Calculate c(3).
25
Let w(o) = -5307*o + 2595144. Determine w(489).
21
Let x(v) = 2*v**3 - 391*v**2 + 18677*v - 171. What is x(83)?
-5
Let k(u) = -30*u**2 + 16*u - 582. Determine k(10).
-3422
Let w(c) = 240*c + 18028. Give w(-77).
-452
Let p(i) = 13*i**2 + 2930*i - 23073. Calculate p(-233).
-6
Let d(c) = -1030*c + 4988. What is d(5)?
-162
Let h(p) = -p**2 - 119*p - 3448. What is h(-69)?
2
Let c(t) = -t**3 + 1811*t**2 - 574409*t - 1400. Give c(1401).
1
Let r(m) = 131*m**3 + 1703*m**2 + 4*m + 31. Calculate r(-13).
-21
Let h(q) = 2*q**2 - 4175*q + 37412. Calculate h(9).
-1
Let w(u) = 232*u**3 + 13*u**2 + 68*u - 145. Give w(2).
1899
Let d(c) = 161*c - 8428. What is d(53)?
105
Let z(x) = 79*x**3 - 10*x - 6. Determine z(-2).
-